{"id":1060,"date":"2016-06-17T13:03:07","date_gmt":"2016-06-17T11:03:07","guid":{"rendered":"http:\/\/okthemes.com\/villenoirdemonew\/?page_id=1060"},"modified":"2023-04-12T15:41:06","modified_gmt":"2023-04-12T13:41:06","slug":"evenementiel","status":"publish","type":"page","link":"https:\/\/www.chateau-montlau.com\/index.php\/evenementiel\/","title":{"rendered":"Ev\u00e8nementiel"},"content":{"rendered":"<p>[vc_row full_width=\u00a0\u00bbstretch_row_content_no_spaces\u00a0\u00bb][vc_column][vc_gallery interval=\u00a0\u00bb5&Prime; images=\u00a0\u00bb2565,2566,2796,2797,2799,2800&Prime; img_size=\u00a0\u00bbfull\u00a0\u00bb onclick=\u00a0\u00bb\u00a0\u00bb][\/vc_column][\/vc_row][vc_row equal_height=\u00a0\u00bbyes\u00a0\u00bb css=\u00a0\u00bb.vc_custom_1466169520129{padding-top: 0px !important;padding-right: 0px !important;padding-bottom: 0px !important;padding-left: 0px !important;}\u00a0\u00bb][vc_column width=\u00a0\u00bb1\/2&Prime; css=\u00a0\u00bb.vc_custom_1641753424716{padding-top: 18% !important;padding-right: 18% !important;padding-bottom: 18% !important;padding-left: 18% !important;background-color: #b0976d !important;}\u00a0\u00bb][vc_icon icon_fontawesome=\u00a0\u00bbfas fa-wine-bottle\u00a0\u00bb color=\u00a0\u00bbcustom\u00a0\u00bb background_style=\u00a0\u00bbrounded\u00a0\u00bb background_color=\u00a0\u00bbwhite\u00a0\u00bb align=\u00a0\u00bbcenter\u00a0\u00bb custom_color=\u00a0\u00bb#b0976d\u00a0\u00bb]\n\t<div class=\"title-subtitle-box  \" style=\" text-align: center;\">\n\t\t<p  style=\" color:rgba(255,255,255,0.7); \">D\u00e9gustation au Ch\u00e2teau<\/p>\n\t\t<h1 style=\" color:#ffffff;  font-style: normal;\">sur r\u00e9servation<\/h1>\n\t<\/div> [vc_column_text]<\/p>\n<p style=\"text-align: center;\"><span style=\"color: #ffffff;\">Nous aurons plaisir \u00e0 vous faire d\u00e9couvrir nos vins lors d\u2019une d\u00e9gustation. Bordeaux rouge, Bordeaux ros\u00e9, Entre-deux-Mers\u2026 toute la richesse du terroir se d\u00e9voile dans nos diff\u00e9rents crus.<\/span><\/p>\n<p>[\/vc_column_text][vc_btn title=\u00a0\u00bbcontactez-nous\u00a0\u00bb style=\u00a0\u00bbcustom\u00a0\u00bb custom_background=\u00a0\u00bb#000000&Prime; custom_text=\u00a0\u00bb#ffffff\u00a0\u00bb shape=\u00a0\u00bbsquare\u00a0\u00bb align=\u00a0\u00bbcenter\u00a0\u00bb link=\u00a0\u00bburl:https%3A%2F%2Fwww.chateau-montlau.com%2Findex.php%2Fcontact%2F|title:Contact\u00a0\u00bb][\/vc_column][vc_column width=\u00a0\u00bb1\/2&Prime; css=\u00a0\u00bb.vc_custom_1466159685700{padding: 18% !important;background-color: #000000 !important;}\u00a0\u00bb][vc_icon icon_fontawesome=\u00a0\u00bbfas fa-glass-cheers\u00a0\u00bb color=\u00a0\u00bbcustom\u00a0\u00bb background_style=\u00a0\u00bbrounded\u00a0\u00bb background_color=\u00a0\u00bbwhite\u00a0\u00bb align=\u00a0\u00bbcenter\u00a0\u00bb custom_color=\u00a0\u00bb#000000&Prime;]\n\t<div class=\"title-subtitle-box  \" style=\" text-align: center;\">\n\t\t<p  style=\" color:rgba(255,255,255,0.7); \">NOUS ACCUEILLONS<\/p>\n\t\t<h1 style=\" color:#ffffff;  font-style: normal;\">votre \u00e9v\u00e8nement<\/h1>\n\t<\/div> [vc_column_text]<\/p>\n<p style=\"text-align: center;\"><span style=\"color: #ffffff;\">S\u00e9minaire d\u2019entreprise, exposition artistique, journ\u00e9e d\u00e9couverte le Ch\u00e2teau Montlau vous propose une prestation sur-mesure qui transformera votre \u00e9v\u00e8nement en moment inoubliable.<\/span><\/p>\n<p>[\/vc_column_text][vc_btn title=\u00a0\u00bbNous appeler\u00a0\u00bb style=\u00a0\u00bbcustom\u00a0\u00bb custom_background=\u00a0\u00bb#b0976d\u00a0\u00bb custom_text=\u00a0\u00bb#ffffff\u00a0\u00bb shape=\u00a0\u00bbsquare\u00a0\u00bb align=\u00a0\u00bbcenter\u00a0\u00bb link=\u00a0\u00bburl:https%3A%2F%2Fwww.chateau-montlau.com%2Findex.php%2Fcontact%2F|title:Contact\u00a0\u00bb][\/vc_column][\/vc_row][vc_row][vc_column width=\u00a0\u00bb1\/2&Prime; css=\u00a0\u00bb.vc_custom_1647987308756{padding-right: 10% !important;}\u00a0\u00bb]\n\t<div class=\"title-subtitle-box  \" style=\" text-align: left;\">\n\t\t<p  style=\"\">VOTRE<\/p>\n\t\t<h1 style=\" font-style: normal;\">D\u00e9gustation<\/h1>\n\t<\/div> [vc_column_text]La longue avenue vous am\u00e8ne devant les grilles du ch\u00e2teau. Laissez-vous bercer par le calme du grand c\u00e8dre qui veille sur Montlau depuis plusieurs centaines d&rsquo;ann\u00e9es.<\/p>\n<p>D\u00e9ambulez dans les jardins \u00e0 la fran\u00e7aise et laissez vous charmer par le calme ambiant, admirez le pigeonnier, puis dirigez-vous vers le belv\u00e9d\u00e8re d&rsquo;o\u00f9 vous pourrez profiter du panorama sur le territoire de Saint-Emilion avant de suivre votre guide dans le cuvier charg\u00e9 d\u2019histoire.<\/p>\n<p>Vous d\u00e9couvrirez un mus\u00e9e o\u00f9 pressoirs et pompes anciennes c\u00f4toient les cuves en bois. Enfin prenez part \u00e0 la\u00a0 d\u00e9gustation comment\u00e9e des vins du Ch\u00e2teau Montlau pour terminer votre visite.[\/vc_column_text][\/vc_column][vc_column width=\u00a0\u00bb1\/2&Prime;][vc_single_image image=\u00a0\u00bb2567&Prime; img_size=\u00a0\u00bbfull\u00a0\u00bb alignment=\u00a0\u00bbcenter\u00a0\u00bb][\/vc_column][\/vc_row][vc_row equal_height=\u00a0\u00bbyes\u00a0\u00bb content_placement=\u00a0\u00bbmiddle\u00a0\u00bb css=\u00a0\u00bb.vc_custom_1466166287107{padding-top: 0px !important;padding-bottom: 0px !important;}\u00a0\u00bb][vc_column css=\u00a0\u00bb.vc_custom_1460370846525{margin-top: 0px !important;margin-right: 0px !important;margin-bottom: 0px !important;margin-left: 0px !important;padding-top: 0px !important;padding-right: 0px !important;padding-bottom: 0px !important;padding-left: 0px !important;}\u00a0\u00bb offset=\u00a0\u00bbvc_col-lg-6 vc_col-md-6&Prime;][vc_single_image image=\u00a0\u00bb2548&Prime; img_size=\u00a0\u00bbfull\u00a0\u00bb css=\u00a0\u00bb.vc_custom_1641755755112{margin-top: 0px !important;margin-right: 0px !important;margin-bottom: 0px !important;margin-left: 0px !important;padding-top: 0px !important;padding-right: 0px !important;padding-bottom: 0px !important;padding-left: 0px !important;}\u00a0\u00bb][\/vc_column][vc_column css=\u00a0\u00bb.vc_custom_1647987203907{padding-top: 9% !important;padding-right: 20% !important;padding-bottom: 9% !important;padding-left: 20% !important;background-color: #f1f1f1 !important;}\u00a0\u00bb offset=\u00a0\u00bbvc_col-lg-6 vc_col-md-6&Prime;]\n\t<div class=\"title-subtitle-box  vc_custom_1641755723319\" style=\" margin-bottom:90px; text-align: center;\">\n\t\t<p  style=\"\">\u00e9v\u00e8nementiel<\/p>\n\t\t<h1 style=\" font-style: normal;\">Nos prestations<\/h1>\n\t<\/div> [vc_column_text css=\u00a0\u00bb.vc_custom_1647293966024{margin-bottom: 90px !important;}\u00a0\u00bb]<\/p>\n<p style=\"text-align: center;\">Nous pouvons accueillir vos invit\u00e9s dans la cours principale, \u00e0 l&rsquo;ombre du c\u00e8dre qui veille sur Montlau. Selon votre \u00e9v\u00e8nement, vous pourrez poursuivre votre s\u00e9minaire dans la salle au charme des vieilles pierres ou recevoir pour un d\u00eener assis sous les tentes dress\u00e9es dans le jardin. Le Calme et le raffinement de Montlau vous assure d&rsquo;une r\u00e9ception r\u00e9ussie.<\/p>\n<p>[\/vc_column_text][vc_btn title=\u00a0\u00bben savoir plus\u00a0\u00bb style=\u00a0\u00bbcustom\u00a0\u00bb custom_background=\u00a0\u00bb#000000&Prime; custom_text=\u00a0\u00bb#ffffff\u00a0\u00bb shape=\u00a0\u00bbsquare\u00a0\u00bb align=\u00a0\u00bbcenter\u00a0\u00bb link=\u00a0\u00bburl:https%3A%2F%2Fwww.chateau-montlau.com%2Findex.php%2Fevenementiel%2F|title:Ev%C3%A8nementiel\u00a0\u00bb][\/vc_column][\/vc_row][vc_row equal_height=\u00a0\u00bbyes\u00a0\u00bb content_placement=\u00a0\u00bbmiddle\u00a0\u00bb reverse_columns_mobile=\u00a0\u00bbyes\u00a0\u00bb css=\u00a0\u00bb.vc_custom_1617308472403{padding-top: 0px !important;}\u00a0\u00bb][vc_column css=\u00a0\u00bb.vc_custom_1647987218802{padding-top: 09% !important;padding-right: 20% !important;padding-bottom: 9% !important;padding-left: 20% !important;background-color: #f1f1f1 !important;}\u00a0\u00bb offset=\u00a0\u00bbvc_col-lg-6 vc_col-md-6&Prime;]\n\t<div class=\"title-subtitle-box  \" style=\" text-align: center;\">\n\t\t<p  style=\"\">Nos salles<\/p>\n\t\t<h1 style=\" font-style: normal;\">Le charme de la tradition<\/h1>\n\t<\/div> [vc_column_text css=\u00a0\u00bb.vc_custom_1647294150831{margin-bottom: 90px !important;}\u00a0\u00bb]<\/p>\n<p style=\"text-align: center;\">R\u00e9union, S\u00e9minaire nous vous proposons des salles pouvant accueillir vos invit\u00e9s au coeur du pavillons du XV \u00e8me.<\/p>\n<p>[\/vc_column_text][vc_btn title=\u00a0\u00bben savoir plus\u00a0\u00bb style=\u00a0\u00bbcustom\u00a0\u00bb custom_background=\u00a0\u00bb#000000&Prime; custom_text=\u00a0\u00bb#ffffff\u00a0\u00bb shape=\u00a0\u00bbsquare\u00a0\u00bb align=\u00a0\u00bbcenter\u00a0\u00bb link=\u00a0\u00bburl:https%3A%2F%2Fwww.chateau-montlau.com%2Findex.php%2Fevenementiel%2F|title:Ev%C3%A8nementiel\u00a0\u00bb][\/vc_column][vc_column css=\u00a0\u00bb.vc_custom_1460370866457{margin-top: 0px !important;margin-right: 0px !important;margin-bottom: 0px !important;margin-left: 0px !important;padding-top: 0px !important;padding-right: 0px !important;padding-bottom: 0px !important;padding-left: 0px !important;}\u00a0\u00bb offset=\u00a0\u00bbvc_col-lg-6 vc_col-md-6&Prime;][vc_single_image image=\u00a0\u00bb2568&Prime; img_size=\u00a0\u00bbfull\u00a0\u00bb css=\u00a0\u00bb.vc_custom_1641756297651{margin-top: 0px !important;margin-right: 0px !important;margin-bottom: 0px !important;margin-left: 0px !important;padding-top: 0px !important;padding-right: 0px !important;padding-bottom: 0px !important;padding-left: 0px !important;}\u00a0\u00bb][\/vc_column][\/vc_row][vc_row css=\u00a0\u00bb.vc_custom_1466164975372{padding-top: 0px !important;padding-bottom: 60px !important;}\u00a0\u00bb][vc_column width=\u00a0\u00bb1\/2&Prime;]\n\t<div class=\"title-subtitle-box  \" style=\" text-align: left;\">\n\t\t<p  style=\"\">D\u00e9gustations<\/p>\n\t\t<h1 style=\" font-style: normal;\">Horaires d'accueil<\/h1>\n\t<\/div> <div class=\"gg-horizontal-list \"><dl class=\"horizontal\">\n\t<dt >lundi - vendredi<\/dt>\n\t<dd >9h - 17h<\/dd>\n\t<dt >Sur r\u00e9servation<\/dt>\n\t<dd ><\/dd><\/dl><\/div>[\/vc_column][vc_column width=\u00a0\u00bb1\/2&Prime;]\n\t<div class=\"title-subtitle-box  \" style=\" text-align: left;\">\n\t\t<p  style=\"\">\u00e9v\u00e8nementiel<\/p>\n\t\t<h1 style=\" font-style: normal;\">P\u00e9riode d'ouverture<\/h1>\n\t<\/div> <div class=\"gg-horizontal-list \"><dl class=\"horizontal\">\n\t<dt >AVRIL - OCTOBRE<\/dt>\n\t<dd >semaine et week-end<\/dd>\n\t<dt >NOVEMBRE - MARS<\/dt>\n\t<dd >WEEK- END<\/dd><\/dl><\/div>[\/vc_column][\/vc_row]<\/p>\n","protected":false},"excerpt":{"rendered":"<p>[vc_row full_width=\u00a0\u00bbstretch_row_content_no_spaces\u00a0\u00bb][vc_column][vc_gallery interval=\u00a0\u00bb5&Prime; images=\u00a0\u00bb2565,2566,2796,2797,2799,2800&Prime; img_size=\u00a0\u00bbfull\u00a0\u00bb onclick=\u00a0\u00bb\u00a0\u00bb][\/vc_column][\/vc_row][vc_row equal_height=\u00a0\u00bbyes\u00a0\u00bb css=\u00a0\u00bb.vc_custom_1466169520129{padding-top: 0px !important;padding-right: 0px !important;padding-bottom: 0px !important;padding-left: 0px !important;}\u00a0\u00bb][vc_column width=\u00a0\u00bb1\/2&Prime; css=\u00a0\u00bb.vc_custom_1641753424716{padding-top: 18% !important;padding-right: 18% !important;padding-bottom: 18% !important;padding-left: 18% !important;background-color: #b0976d !important;}\u00a0\u00bb][vc_icon icon_fontawesome=\u00a0\u00bbfas fa-wine-bottle\u00a0\u00bb<br class=\"read-more-spacer\"> <a class=\"more-link\" href=\"https:\/\/www.chateau-montlau.com\/index.php\/evenementiel\/\">Read More<\/a><\/p>\n","protected":false},"author":1,"featured_media":2865,"parent":0,"menu_order":0,"comment_status":"closed","ping_status":"closed","template":"","meta":{"footnotes":""},"class_list":["post-1060","page","type-page","status-publish","has-post-thumbnail","hentry"],"_links":{"self":[{"href":"https:\/\/www.chateau-montlau.com\/index.php\/wp-json\/wp\/v2\/pages\/1060","targetHints":{"allow":["GET"]}}],"collection":[{"href":"https:\/\/www.chateau-montlau.com\/index.php\/wp-json\/wp\/v2\/pages"}],"about":[{"href":"https:\/\/www.chateau-montlau.com\/index.php\/wp-json\/wp\/v2\/types\/page"}],"author":[{"embeddable":true,"href":"https:\/\/www.chateau-montlau.com\/index.php\/wp-json\/wp\/v2\/users\/1"}],"replies":[{"embeddable":true,"href":"https:\/\/www.chateau-montlau.com\/index.php\/wp-json\/wp\/v2\/comments?post=1060"}],"version-history":[{"count":18,"href":"https:\/\/www.chateau-montlau.com\/index.php\/wp-json\/wp\/v2\/pages\/1060\/revisions"}],"predecessor-version":[{"id":2869,"href":"https:\/\/www.chateau-montlau.com\/index.php\/wp-json\/wp\/v2\/pages\/1060\/revisions\/2869"}],"wp:featuredmedia":[{"embeddable":true,"href":"https:\/\/www.chateau-montlau.com\/index.php\/wp-json\/wp\/v2\/media\/2865"}],"wp:attachment":[{"href":"https:\/\/www.chateau-montlau.com\/index.php\/wp-json\/wp\/v2\/media?parent=1060"}],"curies":[{"name":"wp","href":"https:\/\/api.w.org\/{rel}","templated":true}]}}

Evènementiel

<p>[vc_row full_width= »stretch_row_content_no_spaces »][vc_column][vc_gallery interval= »5&Prime; images= »2565,2566,2796,2797,2799,2800&Prime; img_size= »full » onclick= » »][/vc_column][/vc_row][vc_row equal_height= »yes » css= ».vc_custom_1466169520129{padding-top: 0px !important;padding-right: 0px !important;padding-bottom: 0px !important;padding-left: 0px !important;} »][vc_column width= »1/2&Prime; css= ».vc_custom_1641753424716{padding-top: 18% !important;padding-right: 18% !important;padding-bottom: 18% !important;padding-left: 18% !important;background-color: #b0976d !important;} »][vc_icon icon_fontawesome= »fas fa-wine-bottle » color= »custom » background_style= »rounded » background_color= »white » align= »center » custom_color= »#b0976d »]
	<div class="title-subtitle-box  " style=" text-align: center;">
		<p  style=" color:rgba(255,255,255,0.7); ">Dégustation au Château</p>
		<h1 style=" color:#ffffff;  font-style: normal;">sur réservation</h1>
	</div> [vc_column_text]</p>
<p style="text-align: center;"><span style="color: #ffffff;">Nous aurons plaisir à vous faire découvrir nos vins lors d’une dégustation. Bordeaux rouge, Bordeaux rosé, Entre-deux-Mers… toute la richesse du terroir se dévoile dans nos différents crus.</span></p>
<p>[/vc_column_text][vc_btn title= »contactez-nous » style= »custom » custom_background= »#000000&Prime; custom_text= »#ffffff » shape= »square » align= »center » link= »url:https%3A%2F%2Fwww.chateau-montlau.com%2Findex.php%2Fcontact%2F|title:Contact »][/vc_column][vc_column width= »1/2&Prime; css= ».vc_custom_1466159685700{padding: 18% !important;background-color: #000000 !important;} »][vc_icon icon_fontawesome= »fas fa-glass-cheers » color= »custom » background_style= »rounded » background_color= »white » align= »center » custom_color= »#000000&Prime;]
	<div class="title-subtitle-box  " style=" text-align: center;">
		<p  style=" color:rgba(255,255,255,0.7); ">NOUS ACCUEILLONS</p>
		<h1 style=" color:#ffffff;  font-style: normal;">votre évènement</h1>
	</div> [vc_column_text]</p>
<p style="text-align: center;"><span style="color: #ffffff;">Séminaire d’entreprise, exposition artistique, journée découverte le Château Montlau vous propose une prestation sur-mesure qui transformera votre évènement en moment inoubliable.</span></p>
<p>[/vc_column_text][vc_btn title= »Nous appeler » style= »custom » custom_background= »#b0976d » custom_text= »#ffffff » shape= »square » align= »center » link= »url:https%3A%2F%2Fwww.chateau-montlau.com%2Findex.php%2Fcontact%2F|title:Contact »][/vc_column][/vc_row][vc_row][vc_column width= »1/2&Prime; css= ».vc_custom_1647987308756{padding-right: 10% !important;} »]
	<div class="title-subtitle-box  " style=" text-align: left;">
		<p  style="">VOTRE</p>
		<h1 style=" font-style: normal;">Dégustation</h1>
	</div> [vc_column_text]La longue avenue vous amène devant les grilles du château. Laissez-vous bercer par le calme du grand cèdre qui veille sur Montlau depuis plusieurs centaines d&rsquo;années.</p>
<p>Déambulez dans les jardins à la française et laissez vous charmer par le calme ambiant, admirez le pigeonnier, puis dirigez-vous vers le belvédère d&rsquo;où vous pourrez profiter du panorama sur le territoire de Saint-Emilion avant de suivre votre guide dans le cuvier chargé d’histoire.</p>
<p>Vous découvrirez un musée où pressoirs et pompes anciennes côtoient les cuves en bois. Enfin prenez part à la  dégustation commentée des vins du Château Montlau pour terminer votre visite.[/vc_column_text][/vc_column][vc_column width= »1/2&Prime;][vc_single_image image= »2567&Prime; img_size= »full » alignment= »center »][/vc_column][/vc_row][vc_row equal_height= »yes » content_placement= »middle » css= ».vc_custom_1466166287107{padding-top: 0px !important;padding-bottom: 0px !important;} »][vc_column css= ».vc_custom_1460370846525{margin-top: 0px !important;margin-right: 0px !important;margin-bottom: 0px !important;margin-left: 0px !important;padding-top: 0px !important;padding-right: 0px !important;padding-bottom: 0px !important;padding-left: 0px !important;} » offset= »vc_col-lg-6 vc_col-md-6&Prime;][vc_single_image image= »2548&Prime; img_size= »full » css= ».vc_custom_1641755755112{margin-top: 0px !important;margin-right: 0px !important;margin-bottom: 0px !important;margin-left: 0px !important;padding-top: 0px !important;padding-right: 0px !important;padding-bottom: 0px !important;padding-left: 0px !important;} »][/vc_column][vc_column css= ».vc_custom_1647987203907{padding-top: 9% !important;padding-right: 20% !important;padding-bottom: 9% !important;padding-left: 20% !important;background-color: #f1f1f1 !important;} » offset= »vc_col-lg-6 vc_col-md-6&Prime;]
	<div class="title-subtitle-box  vc_custom_1641755723319" style=" margin-bottom:90px; text-align: center;">
		<p  style="">évènementiel</p>
		<h1 style=" font-style: normal;">Nos prestations</h1>
	</div> [vc_column_text css= ».vc_custom_1647293966024{margin-bottom: 90px !important;} »]</p>
<p style="text-align: center;">Nous pouvons accueillir vos invités dans la cours principale, à l&rsquo;ombre du cèdre qui veille sur Montlau. Selon votre évènement, vous pourrez poursuivre votre séminaire dans la salle au charme des vieilles pierres ou recevoir pour un dîner assis sous les tentes dressées dans le jardin. Le Calme et le raffinement de Montlau vous assure d&rsquo;une réception réussie.</p>
<p>[/vc_column_text][vc_btn title= »en savoir plus » style= »custom » custom_background= »#000000&Prime; custom_text= »#ffffff » shape= »square » align= »center » link= »url:https%3A%2F%2Fwww.chateau-montlau.com%2Findex.php%2Fevenementiel%2F|title:Ev%C3%A8nementiel »][/vc_column][/vc_row][vc_row equal_height= »yes » content_placement= »middle » reverse_columns_mobile= »yes » css= ».vc_custom_1617308472403{padding-top: 0px !important;} »][vc_column css= ».vc_custom_1647987218802{padding-top: 09% !important;padding-right: 20% !important;padding-bottom: 9% !important;padding-left: 20% !important;background-color: #f1f1f1 !important;} » offset= »vc_col-lg-6 vc_col-md-6&Prime;]
	<div class="title-subtitle-box  " style=" text-align: center;">
		<p  style="">Nos salles</p>
		<h1 style=" font-style: normal;">Le charme de la tradition</h1>
	</div> [vc_column_text css= ».vc_custom_1647294150831{margin-bottom: 90px !important;} »]</p>
<p style="text-align: center;">Réunion, Séminaire nous vous proposons des salles pouvant accueillir vos invités au coeur du pavillons du XV ème.</p>
<p>[/vc_column_text][vc_btn title= »en savoir plus » style= »custom » custom_background= »#000000&Prime; custom_text= »#ffffff » shape= »square » align= »center » link= »url:https%3A%2F%2Fwww.chateau-montlau.com%2Findex.php%2Fevenementiel%2F|title:Ev%C3%A8nementiel »][/vc_column][vc_column css= ».vc_custom_1460370866457{margin-top: 0px !important;margin-right: 0px !important;margin-bottom: 0px !important;margin-left: 0px !important;padding-top: 0px !important;padding-right: 0px !important;padding-bottom: 0px !important;padding-left: 0px !important;} » offset= »vc_col-lg-6 vc_col-md-6&Prime;][vc_single_image image= »2568&Prime; img_size= »full » css= ».vc_custom_1641756297651{margin-top: 0px !important;margin-right: 0px !important;margin-bottom: 0px !important;margin-left: 0px !important;padding-top: 0px !important;padding-right: 0px !important;padding-bottom: 0px !important;padding-left: 0px !important;} »][/vc_column][/vc_row][vc_row css= ».vc_custom_1466164975372{padding-top: 0px !important;padding-bottom: 60px !important;} »][vc_column width= »1/2&Prime;]
	<div class="title-subtitle-box  " style=" text-align: left;">
		<p  style="">Dégustations</p>
		<h1 style=" font-style: normal;">Horaires d'accueil</h1>
	</div> <div class="gg-horizontal-list "><dl class="horizontal">
	<dt >lundi - vendredi</dt>
	<dd >9h - 17h</dd>
	<dt >Sur réservation</dt>
	<dd ></dd></dl></div>[/vc_column][vc_column width= »1/2&Prime;]
	<div class="title-subtitle-box  " style=" text-align: left;">
		<p  style="">évènementiel</p>
		<h1 style=" font-style: normal;">Période d'ouverture</h1>
	</div> <div class="gg-horizontal-list "><dl class="horizontal">
	<dt >AVRIL - OCTOBRE</dt>
	<dd >semaine et week-end</dd>
	<dt >NOVEMBRE - MARS</dt>
	<dd >WEEK- END</dd></dl></div>[/vc_column][/vc_row]</p>
